{"id":902,"date":"2025-02-19T22:01:54","date_gmt":"2025-02-19T21:01:54","guid":{"rendered":"https:\/\/kierowcydlapoznania.pl\/?page_id=902"},"modified":"2025-02-19T22:01:54","modified_gmt":"2025-02-19T21:01:54","slug":"regulamin-przetwarzania-danych-osobowychakcja-wolontaryjna-kierowcy-dla-poznania","status":"publish","type":"page","link":"https:\/\/kierowcydlapoznania.pl\/index.php\/regulamin-przetwarzania-danych-osobowychakcja-wolontaryjna-kierowcy-dla-poznania\/","title":{"rendered":"REGULAMIN PRZETWARZANIA DANYCH OSOBOWYCHAkcja Wolontaryjna \u201eKierowcy dla Poznania\u201d"},"content":{"rendered":"\n<h3 class=\"wp-block-heading\">1. Administrator danych osobowych<\/h3>\n\n\n\n<p>Administratorem danych osobowych uczestnik\u00f3w akcji \u201eKierowcy dla Poznania\u201d jest Agnieszka Kuca(dalej: \u201eAdministrator\u201d), kontakt: <a>agnieszka@kierowcydlapoznania.pl<\/a><\/p>\n\n\n\n<h3 class=\"wp-block-heading\">2. Cel i podstawa prawna przetwarzania danych<\/h3>\n\n\n\n<p>Dane osobowe uczestnik\u00f3w akcji przetwarzane s\u0105 w celu organizacji i koordynacji zbi\u00f3rek dar\u00f3w oraz ich transportu do punktu pomocowego Pogotowie Spo\u0142eczne. Podstaw\u0105 prawn\u0105 przetwarzania danych jest:<\/p>\n\n\n\n<ul class=\"wp-block-list\">\n<li>art. 6 ust. 1 lit. b RODO \u2013 przetwarzanie jest niezb\u0119dne do realizacji akcji wolontaryjnej, w kt\u00f3rej uczestnik dobrowolnie bierze udzia\u0142;<\/li>\n\n\n\n<li>art. 6 ust. 1 lit. a RODO \u2013 zgoda uczestnika na przetwarzanie jego danych osobowych w celu otrzymywania informacji o kolejnych edycjach akcji.<\/li>\n<\/ul>\n\n\n\n<h3 class=\"wp-block-heading\">3. Zakres przetwarzanych danych<\/h3>\n\n\n\n<p>Przetwarzane s\u0105 nast\u0119puj\u0105ce dane osobowe uczestnik\u00f3w:<\/p>\n\n\n\n<ul class=\"wp-block-list\">\n<li>Imi\u0119 (opcjonalnie, dla u\u0142atwienia kontaktu);<\/li>\n\n\n\n<li>Adres e-mail (do potwierdzenia zg\u0142oszenia oraz \u2013 w przypadku zgody \u2013 do wysy\u0142ki informacji o kolejnych akcjach);<\/li>\n\n\n\n<li>Numer telefonu (dla usprawnienia komunikacji podczas akcji);<\/li>\n\n\n\n<li>Adres zamieszkania (miejsce odbioru dar\u00f3w).<\/li>\n<\/ul>\n\n\n\n<h3 class=\"wp-block-heading\">4. Odbiorcy danych<\/h3>\n\n\n\n<p>Dost\u0119p do danych maj\u0105:<\/p>\n\n\n\n<ul class=\"wp-block-list\">\n<li>Organizator akcji i wolontariusze-kierowcy bior\u0105cy udzia\u0142 w danej edycji;<\/li>\n\n\n\n<li>Google LLC \u2013 w zwi\u0105zku z przechowywaniem danych w Formularzach Google i na Dysku Google (zgodnie z polityk\u0105 prywatno\u015bci Google);<\/li>\n\n\n\n<li>Mailer Lite \u2013 w przypadku os\u00f3b, kt\u00f3re wyrazi\u0142y zgod\u0119 na otrzymywanie powiadomie\u0144 o kolejnych zbi\u00f3rkach (zgodnie z polityk\u0105 prywatno\u015bci Mailer Lite).<\/li>\n<\/ul>\n\n\n\n<h3 class=\"wp-block-heading\">5. Okres przechowywania danych<\/h3>\n\n\n\n<p>Dane uczestnik\u00f3w s\u0105 przechowywane przez okres niezb\u0119dny do realizacji danej akcji, a nast\u0119pnie usuwane, z wyj\u0105tkiem:<\/p>\n\n\n\n<ul class=\"wp-block-list\">\n<li>Adresu e-mail os\u00f3b, kt\u00f3re wyrazi\u0142y zgod\u0119 na otrzymywanie informacji o kolejnych akcjach \u2013 w takim przypadku dane przechowywane s\u0105 do momentu cofni\u0119cia zgody;<\/li>\n\n\n\n<li>Pozosta\u0142ych danych, kt\u00f3re mog\u0105 by\u0107 przechowywane d\u0142u\u017cej w przypadku potrzeby poprawienia b\u0142\u0119dnych zg\u0142osze\u0144 przy kolejnych edycjach (nie d\u0142u\u017cej ni\u017c 12 miesi\u0119cy).<\/li>\n<\/ul>\n\n\n\n<h3 class=\"wp-block-heading\">6. Prawa os\u00f3b, kt\u00f3rych dane dotycz\u0105<\/h3>\n\n\n\n<p>Ka\u017cdy uczestnik akcji ma prawo do:<\/p>\n\n\n\n<ul class=\"wp-block-list\">\n<li>dost\u0119pu do swoich danych osobowych;<\/li>\n\n\n\n<li>sprostowania (poprawienia) swoich danych;<\/li>\n\n\n\n<li>usuni\u0119cia swoich danych (je\u015bli nie s\u0105 ju\u017c konieczne do realizacji akcji);<\/li>\n\n\n\n<li>ograniczenia przetwarzania danych;<\/li>\n\n\n\n<li>wniesienia sprzeciwu wobec przetwarzania danych;<\/li>\n\n\n\n<li>cofni\u0119cia zgody na otrzymywanie informacji o kolejnych edycjach akcji;<\/li>\n\n\n\n<li>wniesienia skargi do Prezesa Urz\u0119du Ochrony Danych Osobowych (PUODO) w przypadku uznania, \u017ce przetwarzanie danych narusza przepisy RODO.<\/li>\n<\/ul>\n\n\n\n<h3 class=\"wp-block-heading\">7. Kontakt<\/h3>\n\n\n\n<p>Wszelkie pytania dotycz\u0105ce przetwarzania danych osobowych mo\u017cna kierowa\u0107 na adres:&nbsp;<a>agnieszka@kierowcydlapoznania.pl<\/a><\/p>\n\n\n\n<p>Regulamin wchodzi w \u017cycie z dniem jego publikacji i obowi\u0105zuje podczas ka\u017cdej edycji akcji \u201eKierowcy dla Poznania\u201d.<\/p>\n","protected":false},"excerpt":{"rendered":"<p>1. Administrator danych osobowych Administratorem danych osobowych uczestnik\u00f3w akcji \u201eKierowcy dla Poznania\u201d jest Agnieszka Kuca(dalej: \u201eAdministrator\u201d), kontakt: agnieszka@kierowcydlapoznania.pl 2. Cel i podstawa prawna przetwarzania danych Dane osobowe uczestnik\u00f3w akcji przetwarzane s\u0105 w celu organizacji i koordynacji zbi\u00f3rek dar\u00f3w oraz ich transportu do punktu pomocowego Pogotowie Spo\u0142eczne. Podstaw\u0105 prawn\u0105 przetwarzania danych jest: 3. Zakres przetwarzanych danych&hellip;&nbsp;<a href=\"https:\/\/kierowcydlapoznania.pl\/index.php\/regulamin-przetwarzania-danych-osobowychakcja-wolontaryjna-kierowcy-dla-poznania\/\" class=\"\" rel=\"bookmark\">Czytaj dalej &raquo;<span class=\"screen-reader-text\">REGULAMIN PRZETWARZANIA DANYCH OSOBOWYCHAkcja Wolontaryjna \u201eKierowcy dla Poznania\u201d<\/span><\/a><\/p>\n","protected":false},"author":1,"featured_media":0,"parent":0,"menu_order":0,"comment_status":"closed","ping_status":"closed","template":"","meta":{"neve_meta_sidebar":"","neve_meta_container":"","neve_meta_enable_content_width":"","neve_meta_content_width":0,"neve_meta_title_alignment":"","neve_meta_author_avatar":"","neve_post_elements_order":"","neve_meta_disable_header":"","neve_meta_disable_footer":"","neve_meta_disable_title":"","_ti_tpc_template_sync":false,"_ti_tpc_template_id":"","footnotes":""},"class_list":["post-902","page","type-page","status-publish","hentry"],"_links":{"self":[{"href":"https:\/\/kierowcydlapoznania.pl\/index.php\/wp-json\/wp\/v2\/pages\/902","targetHints":{"allow":["GET"]}}],"collection":[{"href":"https:\/\/kierowcydlapoznania.pl\/index.php\/wp-json\/wp\/v2\/pages"}],"about":[{"href":"https:\/\/kierowcydlapoznania.pl\/index.php\/wp-json\/wp\/v2\/types\/page"}],"author":[{"embeddable":true,"href":"https:\/\/kierowcydlapoznania.pl\/index.php\/wp-json\/wp\/v2\/users\/1"}],"replies":[{"embeddable":true,"href":"https:\/\/kierowcydlapoznania.pl\/index.php\/wp-json\/wp\/v2\/comments?post=902"}],"version-history":[{"count":1,"href":"https:\/\/kierowcydlapoznania.pl\/index.php\/wp-json\/wp\/v2\/pages\/902\/revisions"}],"predecessor-version":[{"id":904,"href":"https:\/\/kierowcydlapoznania.pl\/index.php\/wp-json\/wp\/v2\/pages\/902\/revisions\/904"}],"wp:attachment":[{"href":"https:\/\/kierowcydlapoznania.pl\/index.php\/wp-json\/wp\/v2\/media?parent=902"}],"curies":[{"name":"wp","href":"https:\/\/api.w.org\/{rel}","templated":true}]}}